{"id":68,"date":"2013-08-20T11:46:36","date_gmt":"2013-08-20T09:46:36","guid":{"rendered":"http:\/\/seychelles.evolutiontravel.it\/infovacanze\/?page_id=68"},"modified":"2018-10-24T14:59:33","modified_gmt":"2018-10-24T12:59:33","slug":"villaggi-all-inclusive","status":"publish","type":"page","link":"https:\/\/seychelles.evolutiontravel.it\/infovacanze\/vacanza\/villaggi-all-inclusive\/","title":{"rendered":"Villaggi all inclusive alle Seychelles"},"content":{"rendered":"<p>Le soluzioni &#8220;<strong><em>all inclusive<\/em><\/strong>&#8221; (tutto incluso) <strong>alle Seychelles<\/strong>, ovvero che offrono <strong>trattamenti e servizi in un unico pacchetto vacanza<\/strong>, sono le pi\u00f9 interessanti dal punto di vista dei prezzi. Ecco di seguito alcuni <strong>villaggi dove trovare\u00a0offerte tutto incluso<\/strong> che possono fare al caso vostro.<\/p>\n<p>A\u00a0<a title=\"mah\u00e8\" href=\"https:\/\/seychelles.evolutiontravel.it\/infovacanze\/destinazioni\/mahe\/\"><strong>Mah\u00e8<\/strong><\/a>, nela zona Sud-orientale, c&#8217;\u00e8 il <strong>villaggio\u00a0Allamanda Resort<\/strong>, direttamente su<strong>\u00a0Anse Forban: <\/strong>il villaggio \u00e8 a circa cinquanta chilometri da\u00a0<a title=\"victoria\" href=\"https:\/\/seychelles.evolutiontravel.it\/infovacanze\/destinazioni\/victoria\/\"><strong>Victoria<\/strong>, la capitale<\/a> dell&#8217;arcipelago che potreste visitare. Al suo interno troverete anche un\u00a0<strong>centro benessere<\/strong>\u00a0e la possibilit\u00e0 di praticare <strong>sport acquatici\u00a0<\/strong>o altre attivit\u00e0 in spiaggia, comprese\u00a0<strong>escursioni<\/strong>\u00a0e\u00a0<strong>snorkeling<\/strong>.<\/p>\n<p>A proprorre la soluzione &#8220;tutto incluso&#8221; anche il\u00a0C\u00f4te d&#8217;Or Club Vacanze, il Berjaya Praslin Beach Resort, il Chauve Souris Relais Club Vacanze, il New Emerald Cove e il SeaClub Le Meridien Barbarons che pu\u00f2 essere prenotato tramite\u00a0<strong><span style=\"text-decoration: underline\"><a title=\"villaggi francorosso\" href=\"https:\/\/seychelles.evolutiontravel.it\/infovacanze\/vacanza\/villaggi-francorosso\/\">Francorosso.<\/a><\/span><br \/>\n<\/strong><\/p>\n<p><strong> C\u00f4te d&#8217;Or Club Vacanze \u00e8 <\/strong>sull<strong><a title=\"praslin\" href=\"https:\/\/seychelles.evolutiontravel.it\/infovacanze\/destinazioni\/praslin\/\">&#8216;isola di Praslin<\/a>.<\/strong> Con circa venti minuti di volo da Mah\u00e8 atterrerete in questo angolo di paradiso con tanto di\u00a0<strong>campo da golf\u00a0<\/strong>a circa dodici chilometri ed un\u00a0<strong>casin\u00f2<\/strong>\u00a0a soli duecento metri dall&#8217;hotel.<\/p>\n<p>Rientra nel gruppo de\u00a0<strong>I Grandi Viaggi<\/strong>\u00a0per la linea\u00a0<strong>Club Vacanze\u00a0<\/strong>ed \u00e8 una sistemazione dotata di ogni\u00a0comfort. Nelle vicinanze c&#8217;\u00e8 inoltre il\u00a0<strong>Berjaya Praslin Beach Resort<\/strong>, situato sempre a C\u00f4te d&#8217;Or; anche qui avrete tutto ci\u00f2 che pu\u00f2 servirvi per una vacanza in totale\u00a0<a title=\"diverimento seychelles\" href=\"https:\/\/seychelles.evolutiontravel.it\/infovacanze\/divertirsi\/\"><strong>relax<\/strong>\u00a0e\u00a0<strong>divertimento<\/strong><\/a>.<img loading=\"lazy\" decoding=\"async\" class=\"alignright wp-image-321\" src=\"http:\/\/seychelles.evolutiontravel.it\/infovacanze\/wp-content\/uploads\/sites\/16\/2014\/07\/Anse-Boudin-Beach-Praslin-300x168.jpg\" alt=\"una delle spiagge di Praslin\" width=\"450\" height=\"253\" srcset=\"https:\/\/seychelles.evolutiontravel.it\/infovacanze\/wp-content\/uploads\/sites\/16\/2014\/07\/Anse-Boudin-Beach-Praslin-300x168.jpg 300w, https:\/\/seychelles.evolutiontravel.it\/infovacanze\/wp-content\/uploads\/sites\/16\/2014\/07\/Anse-Boudin-Beach-Praslin-500x281.jpg 500w, https:\/\/seychelles.evolutiontravel.it\/infovacanze\/wp-content\/uploads\/sites\/16\/2014\/07\/Anse-Boudin-Beach-Praslin.jpg 970w\" sizes=\"(max-width: 450px) 100vw, 450px\" \/><\/p>\n<p>Il\u00a0<strong>Chauve Souris Relais Club Vacanze<\/strong> su una piccola isola di fronte a Praslin: di nuovo una proposta de I Grandi Viaggi stavolta a qualche centinaio di metri dalla famosa spiaggia di\u00a0<strong>Anse Vobert<\/strong>. Il <strong>resort<\/strong>\u00a0disponde di sole cinque stanze arredate con gusto per un\u00a0<strong>viaggio esclusivo<\/strong>\u00a0ed originale.<\/p>\n<p>Sull&#8217;isola di Praslin potete scegliere tra molti villaggi. <strong>Eden Viaggi\u00a0<\/strong>propone il\u00a0<strong>New Emerald Cove<\/strong>\u00a0con il suo marchio\u00a0<strong>Eden Special<\/strong>. A soli dieci minuti in barca da\u00a0<strong>St. Anne<\/strong>, questo villaggio turistico affaccia su\u00a0<strong>Anse La Farine<\/strong>\u00a0e vi offre molte occasioni di divertimento tra sport acquatici, attivit\u00e0 ricreative e un\u00a0<strong>centro diving<\/strong>\u00a0convenzionato.<\/p>\n<p>Il <strong>SeaClub Le Meridien Barbarons<\/strong>, sulla costa Ovest dell&#8217;isola, \u00e8 a mezz&#8217;ora dall&#8217;<strong>aeroporto internazionale<\/strong>. Immerso nella natura di fronte ad un\u00a0<strong>mare cristallino<\/strong>, la struttura dispone anche di <strong>animazione\u00a0diurna e notturna<\/strong> con tanto di\u00a0<strong>discoteca<\/strong>\u00a0<strong>all&#8217;aperto<\/strong>. <strong>Molto\u00a0raffinato<\/strong>, \u00e8 la scelta giusta per un viaggio all&#8217;insegna del buon gusto e dell&#8217;eccellenza.<\/p>\n<p>Insomma regalarsi una vacanza persso <strong>uno dei tanti villaggi delle Seychelles<\/strong> \u00e8 il modo migliore per <strong>dimenticare stress, routine quotidiana e ritmi sfrenati<\/strong> ai quali siamo abituati durante tutto l&#8217;anno; solo un avvertimento: ricordate solo che da aprile a ottobre la costa ovest \u00e8 popolata da alghe.<\/p>\n<h3 style=\"text-align: center\"><strong><span style=\"color: #008000\">Seychelles<\/span> <\/strong>a<strong> <span style=\"color: #008000\">MENO DI 2000 EURO<\/span><\/strong><\/h3>\n<p style=\"text-align: center\"><span style=\"color: #008000\"><strong>CLICCA SULLE OFFERTE E SCOPRI SUBITO<\/strong><\/span>: <strong>programma<\/strong> dettagliato, <strong>itinerari<\/strong>, <strong>foto<\/strong> e <strong>recensioni<\/strong> di altri viaggiatori!<\/p>\n<div class=\"feedzy-b359114797cf677c18b36c2b1e33dd78 feedzy-rss\">\n\t\t<ul class=\"feedzy-style2\">\n\t\t\t\t\t<li  style=\"padding: 23px 0 38px\" class=\"rss_item feedzy-rss-col-3\" >\n\t\t\t\t\t\t\t\t\t<div class=\"rss_image\" style=\"width:225px; height:225px;\">\n\t\t\t\t\t\t<a href=\"https:\/\/seychelles.evolutiontravel.it\/it_IT\/899\/tab\/27489_la-diguoise-guesthouse.html\" target=\"_blank\" \n\t\t\t\t\t\t\trel=\"noopener \"\n\t\t\t\t\t\t\ttitle=\"La Diguoise Guesthouse\"\n\t\t\t\t\t\t\tstyle=\"width:225px; height:225px;\">\n\t\t\t\t\t\t\t<span class=\"fetched\" style=\"background-image:  url('http:\/\/etcdn.net\/thumbnails\/27489\/it-la-digue-la-diguoise-guesthouse-527bb.jpg');\" title=\"La Diguoise Guesthouse\"><\/span><amp-img width=\"225\" height=\"225\" src=\"http:\/\/etcdn.net\/thumbnails\/27489\/it-la-digue-la-diguoise-guesthouse-527bb.jpg\">\t\t\t\t\t\t<\/a>\n\t\t\t\t\t<\/div>\n\t\t\t\t\t\t\t\t<div class=\"rss_content_wrap\">\n\t\t\t\t\t<span class=\"title\">\n\t\t\t\t\t\t<a href=\"https:\/\/seychelles.evolutiontravel.it\/it_IT\/899\/tab\/27489_la-diguoise-guesthouse.html\" target=\"_blank\"  rel=\"noopener \">\n\t\t\t\t\t\t\tLa Diguoise Guesthouse\t\t\t\t\t\t<\/a>\n\t\t\t\t\t<\/span>\n\t\t\t\t\t<div class=\"rss_content\"\n\t\t\t\t\t\t\tstyle=\"\">\n\t\t\t\t\t\t\n\t\t\t\t\t\t\t\t\t\t\t\t<p class=\"description\">Soggiorna a La Diguoise e vivi un\u2019oasi esclusiva a due passi da Anse Source d'Argent. Ville immerse nel verde, piscina, cucina [&hellip;]<\/p>\n\t\t\t\t\t\t\n\t\t\t\t\t\t\t\t\t\t\t\t\t\t\t\t\t\t\t<div class=\"price-wrap\">\n\t\t\t\t\t\t\t\t<a href=\"https:\/\/seychelles.evolutiontravel.it\/it_IT\/899\/tab\/27489_la-diguoise-guesthouse.html\" target=\"_blank\" rel=\"noopener\"><button class=\"price\"> 1640<\/button><\/a>\n\t\t\t\t\t\t\t<\/div>\n\t\t\t\t\t\t\t\t\t\t\t<\/div>\n\t\t\t\t<\/div>\n\t\t\t<\/li>\n\t\t\t\t\t\t<li  style=\"padding: 23px 0 38px\" class=\"rss_item feedzy-rss-col-3\" >\n\t\t\t\t\t\t\t\t\t<div class=\"rss_image\" style=\"width:225px; height:225px;\">\n\t\t\t\t\t\t<a href=\"https:\/\/seychelles.evolutiontravel.it\/it_IT\/899\/tab\/39203_patatran-village-hotel.html\" target=\"_blank\" \n\t\t\t\t\t\t\trel=\"noopener \"\n\t\t\t\t\t\t\ttitle=\"Patatran Village Hotel\"\n\t\t\t\t\t\t\tstyle=\"width:225px; height:225px;\">\n\t\t\t\t\t\t\t<span class=\"fetched\" style=\"background-image:  url('http:\/\/etcdn.net\/thumbnails\/39203\/it-la-digue-patatran-village-hotel-878dd.jpg');\" title=\"Patatran Village Hotel\"><\/span><amp-img width=\"225\" height=\"225\" src=\"http:\/\/etcdn.net\/thumbnails\/39203\/it-la-digue-patatran-village-hotel-878dd.jpg\">\t\t\t\t\t\t<\/a>\n\t\t\t\t\t<\/div>\n\t\t\t\t\t\t\t\t<div class=\"rss_content_wrap\">\n\t\t\t\t\t<span class=\"title\">\n\t\t\t\t\t\t<a href=\"https:\/\/seychelles.evolutiontravel.it\/it_IT\/899\/tab\/39203_patatran-village-hotel.html\" target=\"_blank\"  rel=\"noopener \">\n\t\t\t\t\t\t\tPatatran Village Hotel\t\t\t\t\t\t<\/a>\n\t\t\t\t\t<\/span>\n\t\t\t\t\t<div class=\"rss_content\"\n\t\t\t\t\t\t\tstyle=\"\">\n\t\t\t\t\t\t\n\t\t\t\t\t\t\t\t\t\t\t\t<p class=\"description\">Affacciato sulle acque turchesi di Anse Patate, a La Digue, il Patatran Village offre bungalow panoramici, privacy assoluta, [&hellip;]<\/p>\n\t\t\t\t\t\t\n\t\t\t\t\t\t\t\t\t\t\t\t\t\t\t\t\t\t\t<div class=\"price-wrap\">\n\t\t\t\t\t\t\t\t<a href=\"https:\/\/seychelles.evolutiontravel.it\/it_IT\/899\/tab\/39203_patatran-village-hotel.html\" target=\"_blank\" rel=\"noopener\"><button class=\"price\"> 1890<\/button><\/a>\n\t\t\t\t\t\t\t<\/div>\n\t\t\t\t\t\t\t\t\t\t\t<\/div>\n\t\t\t\t<\/div>\n\t\t\t<\/li>\n\t\t\t\t\t\t<li  style=\"padding: 23px 0 38px\" class=\"rss_item feedzy-rss-col-3\" >\n\t\t\t\t\t\t\t\t\t<div class=\"rss_image\" style=\"width:225px; height:225px;\">\n\t\t\t\t\t\t<a href=\"https:\/\/seychelles.evolutiontravel.it\/it_IT\/899\/tab\/39119_chalets-cote-mer.html\" target=\"_blank\" \n\t\t\t\t\t\t\trel=\"noopener \"\n\t\t\t\t\t\t\ttitle=\"Chalets Cote Mer\"\n\t\t\t\t\t\t\tstyle=\"width:225px; height:225px;\">\n\t\t\t\t\t\t\t<span class=\"fetched\" style=\"background-image:  url('http:\/\/etcdn.net\/thumbnails\/39119\/it-praslin-chalets-cote-mer-4-stelle-superior-7950f.jpg');\" title=\"Chalets Cote Mer\"><\/span><amp-img width=\"225\" height=\"225\" src=\"http:\/\/etcdn.net\/thumbnails\/39119\/it-praslin-chalets-cote-mer-4-stelle-superior-7950f.jpg\">\t\t\t\t\t\t<\/a>\n\t\t\t\t\t<\/div>\n\t\t\t\t\t\t\t\t<div class=\"rss_content_wrap\">\n\t\t\t\t\t<span class=\"title\">\n\t\t\t\t\t\t<a href=\"https:\/\/seychelles.evolutiontravel.it\/it_IT\/899\/tab\/39119_chalets-cote-mer.html\" target=\"_blank\"  rel=\"noopener \">\n\t\t\t\t\t\t\tChalets Cote Mer\t\t\t\t\t\t<\/a>\n\t\t\t\t\t<\/span>\n\t\t\t\t\t<div class=\"rss_content\"\n\t\t\t\t\t\t\tstyle=\"\">\n\t\t\t\t\t\t\n\t\t\t\t\t\t\t\t\t\t\t\t<p class=\"description\">Chalets C\u00f4t\u00e9 Mer a Praslin \u00e8 un rifugio sospeso tra cielo e oceano. Immerso in un giardino curato, regala viste spettacolari [&hellip;]<\/p>\n\t\t\t\t\t\t\n\t\t\t\t\t\t\t\t\t\t\t\t\t\t\t\t\t\t\t<div class=\"price-wrap\">\n\t\t\t\t\t\t\t\t<a href=\"https:\/\/seychelles.evolutiontravel.it\/it_IT\/899\/tab\/39119_chalets-cote-mer.html\" target=\"_blank\" rel=\"noopener\"><button class=\"price\"> 950<\/button><\/a>\n\t\t\t\t\t\t\t<\/div>\n\t\t\t\t\t\t\t\t\t\t\t<\/div>\n\t\t\t\t<\/div>\n\t\t\t<\/li>\n\t\t\t\t\t\t<li  style=\"padding: 23px 0 38px\" class=\"rss_item feedzy-rss-col-3\" >\n\t\t\t\t\t\t\t\t\t<div class=\"rss_image\" style=\"width:225px; height:225px;\">\n\t\t\t\t\t\t<a href=\"https:\/\/seychelles.evolutiontravel.it\/it_IT\/899\/tab\/39130_palm-beach-hotel.html\" target=\"_blank\" \n\t\t\t\t\t\t\trel=\"noopener \"\n\t\t\t\t\t\t\ttitle=\"Palm Beach Hotel\"\n\t\t\t\t\t\t\tstyle=\"width:225px; height:225px;\">\n\t\t\t\t\t\t\t<span class=\"fetched\" style=\"background-image:  url('http:\/\/etcdn.net\/thumbnails\/39130\/it-praslin-palm-beach-hotel-87849.jpg');\" title=\"Palm Beach Hotel\"><\/span><amp-img width=\"225\" height=\"225\" src=\"http:\/\/etcdn.net\/thumbnails\/39130\/it-praslin-palm-beach-hotel-87849.jpg\">\t\t\t\t\t\t<\/a>\n\t\t\t\t\t<\/div>\n\t\t\t\t\t\t\t\t<div class=\"rss_content_wrap\">\n\t\t\t\t\t<span class=\"title\">\n\t\t\t\t\t\t<a href=\"https:\/\/seychelles.evolutiontravel.it\/it_IT\/899\/tab\/39130_palm-beach-hotel.html\" target=\"_blank\"  rel=\"noopener \">\n\t\t\t\t\t\t\tPalm Beach Hotel\t\t\t\t\t\t<\/a>\n\t\t\t\t\t<\/span>\n\t\t\t\t\t<div class=\"rss_content\"\n\t\t\t\t\t\t\tstyle=\"\">\n\t\t\t\t\t\t\n\t\t\t\t\t\t\t\t\t\t\t\t<p class=\"description\">Svegliati sul mare cristallino di Grand Anse: sabbia bianca, atmosfera coloniale e puro relax. Al Palm Beach Hotel vivi le [&hellip;]<\/p>\n\t\t\t\t\t\t\n\t\t\t\t\t\t\t\t\t\t\t\t\t\t\t\t\t\t\t<div class=\"price-wrap\">\n\t\t\t\t\t\t\t\t<a href=\"https:\/\/seychelles.evolutiontravel.it\/it_IT\/899\/tab\/39130_palm-beach-hotel.html\" target=\"_blank\" rel=\"noopener\"><button class=\"price\"> 1780<\/button><\/a>\n\t\t\t\t\t\t\t<\/div>\n\t\t\t\t\t\t\t\t\t\t\t<\/div>\n\t\t\t\t<\/div>\n\t\t\t<\/li>\n\t\t\t\t\t\t<li  style=\"padding: 23px 0 38px\" class=\"rss_item feedzy-rss-col-3\" >\n\t\t\t\t\t\t\t\t\t<div class=\"rss_image\" style=\"width:225px; height:225px;\">\n\t\t\t\t\t\t<a href=\"https:\/\/seychelles.evolutiontravel.it\/it_IT\/899\/tab\/39129_lhirondelle-self-catering-guesthouse.html\" target=\"_blank\" \n\t\t\t\t\t\t\trel=\"noopener \"\n\t\t\t\t\t\t\ttitle=\"L&#039;Hirondelle Self Catering Guesthouse\"\n\t\t\t\t\t\t\tstyle=\"width:225px; height:225px;\">\n\t\t\t\t\t\t\t<span class=\"fetched\" style=\"background-image:  url('http:\/\/etcdn.net\/thumbnails\/39129\/it-praslin-lhirondelle-self-catering-guesthouse-870d5.jpg');\" title=\"L&#039;Hirondelle Self Catering Guesthouse\"><\/span><amp-img width=\"225\" height=\"225\" src=\"http:\/\/etcdn.net\/thumbnails\/39129\/it-praslin-lhirondelle-self-catering-guesthouse-870d5.jpg\">\t\t\t\t\t\t<\/a>\n\t\t\t\t\t<\/div>\n\t\t\t\t\t\t\t\t<div class=\"rss_content_wrap\">\n\t\t\t\t\t<span class=\"title\">\n\t\t\t\t\t\t<a href=\"https:\/\/seychelles.evolutiontravel.it\/it_IT\/899\/tab\/39129_lhirondelle-self-catering-guesthouse.html\" target=\"_blank\"  rel=\"noopener \">\n\t\t\t\t\t\t\tL'Hirondelle Self Catering Guesthouse\t\t\t\t\t\t<\/a>\n\t\t\t\t\t<\/span>\n\t\t\t\t\t<div class=\"rss_content\"\n\t\t\t\t\t\t\tstyle=\"\">\n\t\t\t\t\t\t\n\t\t\t\t\t\t\t\t\t\t\t\t<p class=\"description\">Una guest house a conduzione familiare che profuma di casa e di oceano. Nel cuore di C\u00f4te d\u2019Or, davanti alla meravigliosa Anse [&hellip;]<\/p>\n\t\t\t\t\t\t\n\t\t\t\t\t\t\t\t\t\t\t\t\t\t\t\t\t\t\t<div class=\"price-wrap\">\n\t\t\t\t\t\t\t\t<a href=\"https:\/\/seychelles.evolutiontravel.it\/it_IT\/899\/tab\/39129_lhirondelle-self-catering-guesthouse.html\" target=\"_blank\" rel=\"noopener\"><button class=\"price\"> 1790<\/button><\/a>\n\t\t\t\t\t\t\t<\/div>\n\t\t\t\t\t\t\t\t\t\t\t<\/div>\n\t\t\t\t<\/div>\n\t\t\t<\/li>\n\t\t\t\t\t\t<li  style=\"padding: 23px 0 38px\" class=\"rss_item feedzy-rss-col-3\" >\n\t\t\t\t\t\t\t\t\t<div class=\"rss_image\" style=\"width:225px; height:225px;\">\n\t\t\t\t\t\t<a href=\"https:\/\/seychelles.evolutiontravel.it\/it_IT\/899\/tab\/7669_hotel-villas-de-mer-3-stelle.html\" target=\"_blank\" \n\t\t\t\t\t\t\trel=\"noopener \"\n\t\t\t\t\t\t\ttitle=\"Hotel Villas de Mer - 3 Stelle\"\n\t\t\t\t\t\t\tstyle=\"width:225px; height:225px;\">\n\t\t\t\t\t\t\t<span class=\"fetched\" style=\"background-image:  url('http:\/\/etcdn.net\/thumbnails\/7669\/it-praslin-hotel-villas-de-mer-3-stelle-52714.jpg');\" title=\"Hotel Villas de Mer - 3 Stelle\"><\/span><amp-img width=\"225\" height=\"225\" src=\"http:\/\/etcdn.net\/thumbnails\/7669\/it-praslin-hotel-villas-de-mer-3-stelle-52714.jpg\">\t\t\t\t\t\t<\/a>\n\t\t\t\t\t<\/div>\n\t\t\t\t\t\t\t\t<div class=\"rss_content_wrap\">\n\t\t\t\t\t<span class=\"title\">\n\t\t\t\t\t\t<a href=\"https:\/\/seychelles.evolutiontravel.it\/it_IT\/899\/tab\/7669_hotel-villas-de-mer-3-stelle.html\" target=\"_blank\"  rel=\"noopener \">\n\t\t\t\t\t\t\tHotel Villas de Mer - 3 Stelle\t\t\t\t\t\t<\/a>\n\t\t\t\t\t<\/span>\n\t\t\t\t\t<div class=\"rss_content\"\n\t\t\t\t\t\t\tstyle=\"\">\n\t\t\t\t\t\t\n\t\t\t\t\t\t\t\t\t\t\t\t<p class=\"description\">Intimo e autentico, il Villas De Mer \u00e8 il rifugio perfetto alle Seychelles: poche camere, tramonti sulla spiaggia, cucina creola [&hellip;]<\/p>\n\t\t\t\t\t\t\n\t\t\t\t\t\t\t\t\t\t\t\t\t\t\t\t\t\t\t<div class=\"price-wrap\">\n\t\t\t\t\t\t\t\t<a href=\"https:\/\/seychelles.evolutiontravel.it\/it_IT\/899\/tab\/7669_hotel-villas-de-mer-3-stelle.html\" target=\"_blank\" rel=\"noopener\"><button class=\"price\"> 1950<\/button><\/a>\n\t\t\t\t\t\t\t<\/div>\n\t\t\t\t\t\t\t\t\t\t\t<\/div>\n\t\t\t\t<\/div>\n\t\t\t<\/li>\n\t\t\t\t<\/ul>\n<\/div>\n<style type=\"text\/css\" media=\"all\">.feedzy-rss .rss_item .rss_image{float:left;position:relative;border:none;text-decoration:none;max-width:100%}.feedzy-rss .rss_item .rss_image span{display:inline-block;position:absolute;width:100%;height:100%;background-position:50%;background-size:cover}.feedzy-rss .rss_item .rss_image{margin:.3em 1em 0 0;content-visibility:auto}.feedzy-rss ul{list-style:none}.feedzy-rss ul li{display:inline-block}<\/style>\n","protected":false},"excerpt":{"rendered":"<p>Le soluzioni &#8220;all inclusive&#8221; (tutto incluso) alle Seychelles, ovvero che offrono trattamenti e servizi in un unico pacchetto vacanza, sono le pi\u00f9 interessanti dal punto di vista dei prezzi. Ecco di seguito alcuni villaggi dove trovare\u00a0offerte tutto incluso che possono fare al caso vostro. A\u00a0Mah\u00e8, nela zona Sud-orientale, c&#8217;\u00e8 il villaggio\u00a0Allamanda Resort, direttamente su\u00a0Anse Forban: <a class=\"moretag\" href=\"https:\/\/seychelles.evolutiontravel.it\/infovacanze\/vacanza\/villaggi-all-inclusive\/\">[&#8230;]<\/a><\/p>\n","protected":false},"author":1,"featured_media":0,"parent":60,"menu_order":0,"comment_status":"closed","ping_status":"open","template":"templates\/template-with-right-sidebar.php","meta":{"footnotes":""},"yoast_head":"<!-- This site is optimized with the Yoast SEO plugin v21.9.1 - https:\/\/yoast.com\/wordpress\/plugins\/seo\/ -->\n<title>Villaggi Seychelles con offerte all inclusive - Evolution Travel<\/title>\n<meta name=\"description\" content=\"Da Mah\u00e8 a Praslin ecco le strutture e i villaggi dove poter usufruire di interessanti offerte all inclusive, tutto incluso: contattaci adesso!\" \/>\n<meta name=\"robots\" content=\"index, follow, max-snippet:-1, max-image-preview:large, max-video-preview:-1\" \/>\n<link rel=\"canonical\" href=\"https:\/\/seychelles.evolutiontravel.it\/infovacanze\/vacanza\/villaggi-all-inclusive\/\" \/>\n<meta name=\"twitter:label1\" content=\"Tempo di lettura stimato\" \/>\n\t<meta name=\"twitter:data1\" content=\"2 minuti\" \/>\n<script type=\"application\/ld+json\" class=\"yoast-schema-graph\">{\"@context\":\"https:\/\/schema.org\",\"@graph\":[{\"@type\":\"WebPage\",\"@id\":\"https:\/\/seychelles.evolutiontravel.it\/infovacanze\/vacanza\/villaggi-all-inclusive\/\",\"url\":\"https:\/\/seychelles.evolutiontravel.it\/infovacanze\/vacanza\/villaggi-all-inclusive\/\",\"name\":\"Villaggi Seychelles con offerte all inclusive - Evolution Travel\",\"isPartOf\":{\"@id\":\"https:\/\/seychelles.evolutiontravel.it\/infovacanze\/#website\"},\"datePublished\":\"2013-08-20T09:46:36+00:00\",\"dateModified\":\"2018-10-24T12:59:33+00:00\",\"description\":\"Da Mah\u00e8 a Praslin ecco le strutture e i villaggi dove poter usufruire di interessanti offerte all inclusive, tutto incluso: contattaci adesso!\",\"breadcrumb\":{\"@id\":\"https:\/\/seychelles.evolutiontravel.it\/infovacanze\/vacanza\/villaggi-all-inclusive\/#breadcrumb\"},\"inLanguage\":\"it-IT\",\"potentialAction\":[{\"@type\":\"ReadAction\",\"target\":[\"https:\/\/seychelles.evolutiontravel.it\/infovacanze\/vacanza\/villaggi-all-inclusive\/\"]}]},{\"@type\":\"BreadcrumbList\",\"@id\":\"https:\/\/seychelles.evolutiontravel.it\/infovacanze\/vacanza\/villaggi-all-inclusive\/#breadcrumb\",\"itemListElement\":[{\"@type\":\"ListItem\",\"position\":1,\"name\":\"Vacanze\",\"item\":\"https:\/\/seychelles.evolutiontravel.it\/infovacanze\/vacanza\/\"},{\"@type\":\"ListItem\",\"position\":2,\"name\":\"Villaggi all inclusive alle Seychelles\"}]},{\"@type\":\"WebSite\",\"@id\":\"https:\/\/seychelles.evolutiontravel.it\/infovacanze\/#website\",\"url\":\"https:\/\/seychelles.evolutiontravel.it\/infovacanze\/\",\"name\":\"Seychelles\",\"description\":\"\",\"potentialAction\":[{\"@type\":\"SearchAction\",\"target\":{\"@type\":\"EntryPoint\",\"urlTemplate\":\"https:\/\/seychelles.evolutiontravel.it\/infovacanze\/?s={search_term_string}\"},\"query-input\":\"required name=search_term_string\"}],\"inLanguage\":\"it-IT\"}]}<\/script>\n<!-- \/ Yoast SEO plugin. -->","yoast_head_json":{"title":"Villaggi Seychelles con offerte all inclusive - Evolution Travel","description":"Da Mah\u00e8 a Praslin ecco le strutture e i villaggi dove poter usufruire di interessanti offerte all inclusive, tutto incluso: contattaci adesso!","robots":{"index":"index","follow":"follow","max-snippet":"max-snippet:-1","max-image-preview":"max-image-preview:large","max-video-preview":"max-video-preview:-1"},"canonical":"https:\/\/seychelles.evolutiontravel.it\/infovacanze\/vacanza\/villaggi-all-inclusive\/","twitter_misc":{"Tempo di lettura stimato":"2 minuti"},"schema":{"@context":"https:\/\/schema.org","@graph":[{"@type":"WebPage","@id":"https:\/\/seychelles.evolutiontravel.it\/infovacanze\/vacanza\/villaggi-all-inclusive\/","url":"https:\/\/seychelles.evolutiontravel.it\/infovacanze\/vacanza\/villaggi-all-inclusive\/","name":"Villaggi Seychelles con offerte all inclusive - Evolution Travel","isPartOf":{"@id":"https:\/\/seychelles.evolutiontravel.it\/infovacanze\/#website"},"datePublished":"2013-08-20T09:46:36+00:00","dateModified":"2018-10-24T12:59:33+00:00","description":"Da Mah\u00e8 a Praslin ecco le strutture e i villaggi dove poter usufruire di interessanti offerte all inclusive, tutto incluso: contattaci adesso!","breadcrumb":{"@id":"https:\/\/seychelles.evolutiontravel.it\/infovacanze\/vacanza\/villaggi-all-inclusive\/#breadcrumb"},"inLanguage":"it-IT","potentialAction":[{"@type":"ReadAction","target":["https:\/\/seychelles.evolutiontravel.it\/infovacanze\/vacanza\/villaggi-all-inclusive\/"]}]},{"@type":"BreadcrumbList","@id":"https:\/\/seychelles.evolutiontravel.it\/infovacanze\/vacanza\/villaggi-all-inclusive\/#breadcrumb","itemListElement":[{"@type":"ListItem","position":1,"name":"Vacanze","item":"https:\/\/seychelles.evolutiontravel.it\/infovacanze\/vacanza\/"},{"@type":"ListItem","position":2,"name":"Villaggi all inclusive alle Seychelles"}]},{"@type":"WebSite","@id":"https:\/\/seychelles.evolutiontravel.it\/infovacanze\/#website","url":"https:\/\/seychelles.evolutiontravel.it\/infovacanze\/","name":"Seychelles","description":"","potentialAction":[{"@type":"SearchAction","target":{"@type":"EntryPoint","urlTemplate":"https:\/\/seychelles.evolutiontravel.it\/infovacanze\/?s={search_term_string}"},"query-input":"required name=search_term_string"}],"inLanguage":"it-IT"}]}},"_links":{"self":[{"href":"https:\/\/seychelles.evolutiontravel.it\/infovacanze\/wp-json\/wp\/v2\/pages\/68"}],"collection":[{"href":"https:\/\/seychelles.evolutiontravel.it\/infovacanze\/wp-json\/wp\/v2\/pages"}],"about":[{"href":"https:\/\/seychelles.evolutiontravel.it\/infovacanze\/wp-json\/wp\/v2\/types\/page"}],"author":[{"embeddable":true,"href":"https:\/\/seychelles.evolutiontravel.it\/infovacanze\/wp-json\/wp\/v2\/users\/1"}],"replies":[{"embeddable":true,"href":"https:\/\/seychelles.evolutiontravel.it\/infovacanze\/wp-json\/wp\/v2\/comments?post=68"}],"version-history":[{"count":9,"href":"https:\/\/seychelles.evolutiontravel.it\/infovacanze\/wp-json\/wp\/v2\/pages\/68\/revisions"}],"predecessor-version":[{"id":972,"href":"https:\/\/seychelles.evolutiontravel.it\/infovacanze\/wp-json\/wp\/v2\/pages\/68\/revisions\/972"}],"up":[{"embeddable":true,"href":"https:\/\/seychelles.evolutiontravel.it\/infovacanze\/wp-json\/wp\/v2\/pages\/60"}],"wp:attachment":[{"href":"https:\/\/seychelles.evolutiontravel.it\/infovacanze\/wp-json\/wp\/v2\/media?parent=68"}],"curies":[{"name":"wp","href":"https:\/\/api.w.org\/{rel}","templated":true}]}}