{"id":123,"date":"2013-08-20T12:19:15","date_gmt":"2013-08-20T10:19:15","guid":{"rendered":"http:\/\/seychelles.evolutiontravel.it\/infovacanze\/?page_id=123"},"modified":"2018-01-12T15:22:41","modified_gmt":"2018-01-12T14:22:41","slug":"crociere","status":"publish","type":"page","link":"https:\/\/seychelles.evolutiontravel.it\/infovacanze\/crociere\/","title":{"rendered":"In Crociera alle Seychelles"},"content":{"rendered":"<p>Scegliere una <strong>crociera alle Seychelles<\/strong> \u00e8 la soluzione ideale per visitare <strong>molte isole<\/strong> dell&#8217;arcipelago <strong>in un&#8217;unica vacanza<\/strong>.<\/p>\n<p>Un&#8217;idea potrebbe essere optare per la prenotazione di un viaggio non solo su una classica nave da crociera ma a <strong>bordo di velieri e catamarani<\/strong> o magari delle <strong>mini crociere<\/strong> da abbinare al soggiorno che farete su una delle isole.<\/p>\n<p>Non solo, scegliendo questo tipo di viaggio potrai fare i cosiddetti <strong>viaggi combinati<\/strong>: tour che vi porteranno alla scoperta di paese complemetamente diversi tra loro e tutto questo in un solo viaggio.<\/p>\n<p style=\"text-align: justify\"><img loading=\"lazy\" decoding=\"async\" class=\"size-medium wp-image-328 alignright\" src=\"https:\/\/seychelles.evolutiontravel.it\/infovacanze\/wp-content\/uploads\/sites\/16\/2014\/07\/Crociere-seychelles-300x192.jpg\" alt=\"Crociere seychelles\" width=\"300\" height=\"192\" srcset=\"https:\/\/seychelles.evolutiontravel.it\/infovacanze\/wp-content\/uploads\/sites\/16\/2014\/07\/Crociere-seychelles-300x192.jpg 300w, https:\/\/seychelles.evolutiontravel.it\/infovacanze\/wp-content\/uploads\/sites\/16\/2014\/07\/Crociere-seychelles-467x300.jpg 467w, https:\/\/seychelles.evolutiontravel.it\/infovacanze\/wp-content\/uploads\/sites\/16\/2014\/07\/Crociere-seychelles.jpg 800w\" sizes=\"(max-width: 300px) 100vw, 300px\" \/><\/p>\n<p style=\"text-align: justify\">Perch\u00e8, a meno che tu non abbia almeno due settimane di ferie, sar\u00e0 difficile vedere proprio tutto sull&#8217;arcipelago: ogni angolo merita uno o pi\u00f9 giorni di soggiorno!<\/p>\n<p>Cosa vedere? Come dicevamo ci sono tante attrazioni e protagonista principale \u00e8 sempre il mare e le spiagge, ma anche citt\u00e0 e natura e per chi ama essere attivo anche in vacanza, anche escursioni e trekking.<\/p>\n<p>Per aiutarti a farti un&#8217;idea abbiamo creato diversi contenuti utili, clicca su quello che ti interessa oppure dai un&#8217;occhiata subito alle ultime offerte pubblicate:<\/p>\n<ul>\n<li style=\"text-align: justify\"><a title=\"crociera barca a vela Seychelles\" href=\"https:\/\/seychelles.evolutiontravel.it\/infovacanze\/crociere\/crociera-a-vela\/\">Alle Seychelles in barca a vela<\/a><\/li>\n<li style=\"text-align: justify\"><a title=\"crociera a settembre\" href=\"https:\/\/seychelles.evolutiontravel.it\/infovacanze\/crociere\/crociere-settembre\/\">In crociera a settembre<\/a><\/li>\n<li style=\"text-align: justify\"><a title=\"crociera seychelles e mauritius\" href=\"https:\/\/seychelles.evolutiontravel.it\/infovacanze\/crociere\/seychelles-e-mauritius\/\">In crociera alle Seychelles e poi Mauritius<\/a><\/li>\n<li style=\"text-align: justify\"><a title=\"prezzi crociera seychelles\" href=\"https:\/\/seychelles.evolutiontravel.it\/infovacanze\/crociere\/crociere-seychelles-prezzi\/\">Quanto costa una crociera alle Seychelles?<\/a><\/li>\n<\/ul>\n<h3 style=\"text-align: center\"><strong><span style=\"color: #008000\">Seychelles<\/span> <\/strong>a<strong> <span style=\"color: #008000\">MENO DI 2000 EURO<\/span><\/strong><\/h3>\n<h3 style=\"text-align: center\">Offerte viaggi e vacanze Evolution Travel:<\/h3>\n<p style=\"text-align: center\"><span style=\"color: #008000\"><strong>CLICCA E SCOPRI SUBITO<\/strong><\/span>: <strong>programma<\/strong>,<strong> foto<\/strong>, <strong>attivit\u00e0<\/strong>, <strong>partenze<\/strong> e molto altro!<\/p>\n<div class=\"feedzy-b359114797cf677c18b36c2b1e33dd78 feedzy-rss\">\n\t\t<ul class=\"feedzy-style2\">\n\t\t\t\t\t<li  style=\"padding: 23px 0 38px\" class=\"rss_item feedzy-rss-col-3\" >\n\t\t\t\t\t\t\t\t\t<div class=\"rss_image\" style=\"width:225px; height:225px;\">\n\t\t\t\t\t\t<a href=\"https:\/\/seychelles.evolutiontravel.it\/it_IT\/899\/tab\/41642_crown-beach-hotel.html\" target=\"_blank\" \n\t\t\t\t\t\t\trel=\"noopener \"\n\t\t\t\t\t\t\ttitle=\"Crown Beach Hotel\"\n\t\t\t\t\t\t\tstyle=\"width:225px; height:225px;\">\n\t\t\t\t\t\t\t<span class=\"fetched\" style=\"background-image:  url('http:\/\/etcdn.net\/thumbnails\/41642\/it-mahe-crown-beach-hotel-87cfb.jpg');\" title=\"Crown Beach Hotel\"><\/span><amp-img width=\"225\" height=\"225\" src=\"http:\/\/etcdn.net\/thumbnails\/41642\/it-mahe-crown-beach-hotel-87cfb.jpg\">\t\t\t\t\t\t<\/a>\n\t\t\t\t\t<\/div>\n\t\t\t\t\t\t\t\t<div class=\"rss_content_wrap\">\n\t\t\t\t\t<span class=\"title\">\n\t\t\t\t\t\t<a href=\"https:\/\/seychelles.evolutiontravel.it\/it_IT\/899\/tab\/41642_crown-beach-hotel.html\" target=\"_blank\"  rel=\"noopener \">\n\t\t\t\t\t\t\tCrown Beach Hotel\t\t\t\t\t\t<\/a>\n\t\t\t\t\t<\/span>\n\t\t\t\t\t<div class=\"rss_content\"\n\t\t\t\t\t\t\tstyle=\"\">\n\t\t\t\t\t\t\n\t\t\t\t\t\t\t\t\t\t\t\t<p class=\"description\">Crown Beach Hotel, ad Anse Royale, \u00e8 un rifugio intimo affacciato su acque cristalline. Qui il tempo rallenta tra sabbia chiara, [&hellip;]<\/p>\n\t\t\t\t\t\t\n\t\t\t\t\t\t\t\t\t\t\t\t\t\t\t\t\t\t\t<div class=\"price-wrap\">\n\t\t\t\t\t\t\t\t<a href=\"https:\/\/seychelles.evolutiontravel.it\/it_IT\/899\/tab\/41642_crown-beach-hotel.html\" target=\"_blank\" rel=\"noopener\"><button class=\"price\"> 1960<\/button><\/a>\n\t\t\t\t\t\t\t<\/div>\n\t\t\t\t\t\t\t\t\t\t\t<\/div>\n\t\t\t\t<\/div>\n\t\t\t<\/li>\n\t\t\t\t\t\t<li  style=\"padding: 23px 0 38px\" class=\"rss_item feedzy-rss-col-3\" >\n\t\t\t\t\t\t\t\t\t<div class=\"rss_image\" style=\"width:225px; height:225px;\">\n\t\t\t\t\t\t<a href=\"https:\/\/seychelles.evolutiontravel.it\/it_IT\/899\/tab\/41639_marie-laure-suites-luxury-holiday-apartments.html\" target=\"_blank\" \n\t\t\t\t\t\t\trel=\"noopener \"\n\t\t\t\t\t\t\ttitle=\"Marie Laure Suites Luxury Holiday Apartments\"\n\t\t\t\t\t\t\tstyle=\"width:225px; height:225px;\">\n\t\t\t\t\t\t\t<span class=\"fetched\" style=\"background-image:  url('http:\/\/etcdn.net\/thumbnails\/41639\/it-mahe-marie-laure-suites-luxury-holiday-apartments-87ce2.jpg');\" title=\"Marie Laure Suites Luxury Holiday Apartments\"><\/span><amp-img width=\"225\" height=\"225\" src=\"http:\/\/etcdn.net\/thumbnails\/41639\/it-mahe-marie-laure-suites-luxury-holiday-apartments-87ce2.jpg\">\t\t\t\t\t\t<\/a>\n\t\t\t\t\t<\/div>\n\t\t\t\t\t\t\t\t<div class=\"rss_content_wrap\">\n\t\t\t\t\t<span class=\"title\">\n\t\t\t\t\t\t<a href=\"https:\/\/seychelles.evolutiontravel.it\/it_IT\/899\/tab\/41639_marie-laure-suites-luxury-holiday-apartments.html\" target=\"_blank\"  rel=\"noopener \">\n\t\t\t\t\t\t\tMarie Laure Suites Luxury Holiday Apartments\t\t\t\t\t\t<\/a>\n\t\t\t\t\t<\/span>\n\t\t\t\t\t<div class=\"rss_content\"\n\t\t\t\t\t\t\tstyle=\"\">\n\t\t\t\t\t\t\n\t\t\t\t\t\t\t\t\t\t\t\t<p class=\"description\">Marie Laure Apartments, a Mah\u00e9, offrono un rifugio intimo immerso nella natura, con vista mare e ambienti accoglienti: la [&hellip;]<\/p>\n\t\t\t\t\t\t\n\t\t\t\t\t\t\t\t\t\t\t\t\t\t\t\t\t\t\t<div class=\"price-wrap\">\n\t\t\t\t\t\t\t\t<a href=\"https:\/\/seychelles.evolutiontravel.it\/it_IT\/899\/tab\/41639_marie-laure-suites-luxury-holiday-apartments.html\" target=\"_blank\" rel=\"noopener\"><button class=\"price\"> 1440<\/button><\/a>\n\t\t\t\t\t\t\t<\/div>\n\t\t\t\t\t\t\t\t\t\t\t<\/div>\n\t\t\t\t<\/div>\n\t\t\t<\/li>\n\t\t\t\t\t\t<li  style=\"padding: 23px 0 38px\" class=\"rss_item feedzy-rss-col-3\" >\n\t\t\t\t\t\t\t\t\t<div class=\"rss_image\" style=\"width:225px; height:225px;\">\n\t\t\t\t\t\t<a href=\"https:\/\/seychelles.evolutiontravel.it\/it_IT\/899\/tab\/41640_le-relax-hotel-and-restaurant.html\" target=\"_blank\" \n\t\t\t\t\t\t\trel=\"noopener \"\n\t\t\t\t\t\t\ttitle=\"Le Relax Hotel and Restaurant\"\n\t\t\t\t\t\t\tstyle=\"width:225px; height:225px;\">\n\t\t\t\t\t\t\t<span class=\"fetched\" style=\"background-image:  url('http:\/\/etcdn.net\/thumbnails\/41640\/it-mahe-le-relax-hotel-and-restaurant-87cec.jpg');\" title=\"Le Relax Hotel and Restaurant\"><\/span><amp-img width=\"225\" height=\"225\" src=\"http:\/\/etcdn.net\/thumbnails\/41640\/it-mahe-le-relax-hotel-and-restaurant-87cec.jpg\">\t\t\t\t\t\t<\/a>\n\t\t\t\t\t<\/div>\n\t\t\t\t\t\t\t\t<div class=\"rss_content_wrap\">\n\t\t\t\t\t<span class=\"title\">\n\t\t\t\t\t\t<a href=\"https:\/\/seychelles.evolutiontravel.it\/it_IT\/899\/tab\/41640_le-relax-hotel-and-restaurant.html\" target=\"_blank\"  rel=\"noopener \">\n\t\t\t\t\t\t\tLe Relax Hotel and Restaurant\t\t\t\t\t\t<\/a>\n\t\t\t\t\t<\/span>\n\t\t\t\t\t<div class=\"rss_content\"\n\t\t\t\t\t\t\tstyle=\"\">\n\t\t\t\t\t\t\n\t\t\t\t\t\t\t\t\t\t\t\t<p class=\"description\">Le Relax Hotel and Restaurant, a Mah\u00e9, \u00e8 un rifugio fronte mare dove semplicit\u00e0 e autenticit\u00e0 si incontrano, tra atmosfere [&hellip;]<\/p>\n\t\t\t\t\t\t\n\t\t\t\t\t\t\t\t\t\t\t\t\t\t\t\t\t\t\t<div class=\"price-wrap\">\n\t\t\t\t\t\t\t\t<a href=\"https:\/\/seychelles.evolutiontravel.it\/it_IT\/899\/tab\/41640_le-relax-hotel-and-restaurant.html\" target=\"_blank\" rel=\"noopener\"><button class=\"price\"> 1690<\/button><\/a>\n\t\t\t\t\t\t\t<\/div>\n\t\t\t\t\t\t\t\t\t\t\t<\/div>\n\t\t\t\t<\/div>\n\t\t\t<\/li>\n\t\t\t\t\t\t<li  style=\"padding: 23px 0 38px\" class=\"rss_item feedzy-rss-col-3\" >\n\t\t\t\t\t\t\t\t\t<div class=\"rss_image\" style=\"width:225px; height:225px;\">\n\t\t\t\t\t\t<a href=\"https:\/\/seychelles.evolutiontravel.it\/it_IT\/899\/tab\/39204_villa-creole-guest-house.html\" target=\"_blank\" \n\t\t\t\t\t\t\trel=\"noopener \"\n\t\t\t\t\t\t\ttitle=\"Villa Creole Guest House\"\n\t\t\t\t\t\t\tstyle=\"width:225px; height:225px;\">\n\t\t\t\t\t\t\t<span class=\"fetched\" style=\"background-image:  url('http:\/\/etcdn.net\/thumbnails\/39204\/it-la-digue-villa-creole-guest-house-79d70.jpg');\" title=\"Villa Creole Guest House\"><\/span><amp-img width=\"225\" height=\"225\" src=\"http:\/\/etcdn.net\/thumbnails\/39204\/it-la-digue-villa-creole-guest-house-79d70.jpg\">\t\t\t\t\t\t<\/a>\n\t\t\t\t\t<\/div>\n\t\t\t\t\t\t\t\t<div class=\"rss_content_wrap\">\n\t\t\t\t\t<span class=\"title\">\n\t\t\t\t\t\t<a href=\"https:\/\/seychelles.evolutiontravel.it\/it_IT\/899\/tab\/39204_villa-creole-guest-house.html\" target=\"_blank\"  rel=\"noopener \">\n\t\t\t\t\t\t\tVilla Creole Guest House\t\t\t\t\t\t<\/a>\n\t\t\t\t\t<\/span>\n\t\t\t\t\t<div class=\"rss_content\"\n\t\t\t\t\t\t\tstyle=\"\">\n\t\t\t\t\t\t\n\t\t\t\t\t\t\t\t\t\t\t\t<p class=\"description\">Svegliati fronte mare a Anse Reunion, a La Digue: Villa Creole offre chalet creoli immersi nel verde, a pochi minuti da Anse [&hellip;]<\/p>\n\t\t\t\t\t\t\n\t\t\t\t\t\t\t\t\t\t\t\t\t\t\t\t\t\t\t<div class=\"price-wrap\">\n\t\t\t\t\t\t\t\t<a href=\"https:\/\/seychelles.evolutiontravel.it\/it_IT\/899\/tab\/39204_villa-creole-guest-house.html\" target=\"_blank\" rel=\"noopener\"><button class=\"price\"> 1630<\/button><\/a>\n\t\t\t\t\t\t\t<\/div>\n\t\t\t\t\t\t\t\t\t\t\t<\/div>\n\t\t\t\t<\/div>\n\t\t\t<\/li>\n\t\t\t\t\t\t<li  style=\"padding: 23px 0 38px\" class=\"rss_item feedzy-rss-col-3\" >\n\t\t\t\t\t\t\t\t\t<div class=\"rss_image\" style=\"width:225px; height:225px;\">\n\t\t\t\t\t\t<a href=\"https:\/\/seychelles.evolutiontravel.it\/it_IT\/899\/tab\/27489_la-diguoise-guesthouse.html\" target=\"_blank\" \n\t\t\t\t\t\t\trel=\"noopener \"\n\t\t\t\t\t\t\ttitle=\"La Diguoise Guesthouse\"\n\t\t\t\t\t\t\tstyle=\"width:225px; height:225px;\">\n\t\t\t\t\t\t\t<span class=\"fetched\" style=\"background-image:  url('http:\/\/etcdn.net\/thumbnails\/27489\/it-la-digue-la-diguoise-guesthouse-527bb.jpg');\" title=\"La Diguoise Guesthouse\"><\/span><amp-img width=\"225\" height=\"225\" src=\"http:\/\/etcdn.net\/thumbnails\/27489\/it-la-digue-la-diguoise-guesthouse-527bb.jpg\">\t\t\t\t\t\t<\/a>\n\t\t\t\t\t<\/div>\n\t\t\t\t\t\t\t\t<div class=\"rss_content_wrap\">\n\t\t\t\t\t<span class=\"title\">\n\t\t\t\t\t\t<a href=\"https:\/\/seychelles.evolutiontravel.it\/it_IT\/899\/tab\/27489_la-diguoise-guesthouse.html\" target=\"_blank\"  rel=\"noopener \">\n\t\t\t\t\t\t\tLa Diguoise Guesthouse\t\t\t\t\t\t<\/a>\n\t\t\t\t\t<\/span>\n\t\t\t\t\t<div class=\"rss_content\"\n\t\t\t\t\t\t\tstyle=\"\">\n\t\t\t\t\t\t\n\t\t\t\t\t\t\t\t\t\t\t\t<p class=\"description\">Soggiorna a La Diguoise e vivi un\u2019oasi esclusiva a due passi da Anse Source d'Argent. Ville immerse nel verde, piscina, cucina [&hellip;]<\/p>\n\t\t\t\t\t\t\n\t\t\t\t\t\t\t\t\t\t\t\t\t\t\t\t\t\t\t<div class=\"price-wrap\">\n\t\t\t\t\t\t\t\t<a href=\"https:\/\/seychelles.evolutiontravel.it\/it_IT\/899\/tab\/27489_la-diguoise-guesthouse.html\" target=\"_blank\" rel=\"noopener\"><button class=\"price\"> 1640<\/button><\/a>\n\t\t\t\t\t\t\t<\/div>\n\t\t\t\t\t\t\t\t\t\t\t<\/div>\n\t\t\t\t<\/div>\n\t\t\t<\/li>\n\t\t\t\t\t\t<li  style=\"padding: 23px 0 38px\" class=\"rss_item feedzy-rss-col-3\" >\n\t\t\t\t\t\t\t\t\t<div class=\"rss_image\" style=\"width:225px; height:225px;\">\n\t\t\t\t\t\t<a href=\"https:\/\/seychelles.evolutiontravel.it\/it_IT\/899\/tab\/39203_patatran-village-hotel.html\" target=\"_blank\" \n\t\t\t\t\t\t\trel=\"noopener \"\n\t\t\t\t\t\t\ttitle=\"Patatran Village Hotel\"\n\t\t\t\t\t\t\tstyle=\"width:225px; height:225px;\">\n\t\t\t\t\t\t\t<span class=\"fetched\" style=\"background-image:  url('http:\/\/etcdn.net\/thumbnails\/39203\/it-la-digue-patatran-village-hotel-878dd.jpg');\" title=\"Patatran Village Hotel\"><\/span><amp-img width=\"225\" height=\"225\" src=\"http:\/\/etcdn.net\/thumbnails\/39203\/it-la-digue-patatran-village-hotel-878dd.jpg\">\t\t\t\t\t\t<\/a>\n\t\t\t\t\t<\/div>\n\t\t\t\t\t\t\t\t<div class=\"rss_content_wrap\">\n\t\t\t\t\t<span class=\"title\">\n\t\t\t\t\t\t<a href=\"https:\/\/seychelles.evolutiontravel.it\/it_IT\/899\/tab\/39203_patatran-village-hotel.html\" target=\"_blank\"  rel=\"noopener \">\n\t\t\t\t\t\t\tPatatran Village Hotel\t\t\t\t\t\t<\/a>\n\t\t\t\t\t<\/span>\n\t\t\t\t\t<div class=\"rss_content\"\n\t\t\t\t\t\t\tstyle=\"\">\n\t\t\t\t\t\t\n\t\t\t\t\t\t\t\t\t\t\t\t<p class=\"description\">Affacciato sulle acque turchesi di Anse Patate, a La Digue, il Patatran Village offre bungalow panoramici, privacy assoluta, [&hellip;]<\/p>\n\t\t\t\t\t\t\n\t\t\t\t\t\t\t\t\t\t\t\t\t\t\t\t\t\t\t<div class=\"price-wrap\">\n\t\t\t\t\t\t\t\t<a href=\"https:\/\/seychelles.evolutiontravel.it\/it_IT\/899\/tab\/39203_patatran-village-hotel.html\" target=\"_blank\" rel=\"noopener\"><button class=\"price\"> 1890<\/button><\/a>\n\t\t\t\t\t\t\t<\/div>\n\t\t\t\t\t\t\t\t\t\t\t<\/div>\n\t\t\t\t<\/div>\n\t\t\t<\/li>\n\t\t\t\t<\/ul>\n<\/div>\n<style type=\"text\/css\" media=\"all\">.feedzy-rss .rss_item .rss_image{float:left;position:relative;border:none;text-decoration:none;max-width:100%}.feedzy-rss .rss_item .rss_image span{display:inline-block;position:absolute;width:100%;height:100%;background-position:50%;background-size:cover}.feedzy-rss .rss_item .rss_image{margin:.3em 1em 0 0;content-visibility:auto}.feedzy-rss ul{list-style:none}.feedzy-rss ul li{display:inline-block}<\/style>\n","protected":false},"excerpt":{"rendered":"<p>Scegliere una crociera alle Seychelles \u00e8 la soluzione ideale per visitare molte isole dell&#8217;arcipelago in un&#8217;unica vacanza. Un&#8217;idea potrebbe essere optare per la prenotazione di un viaggio non solo su una classica nave da crociera ma a bordo di velieri e catamarani o magari delle mini crociere da abbinare al soggiorno che farete su una <a class=\"moretag\" href=\"https:\/\/seychelles.evolutiontravel.it\/infovacanze\/crociere\/\">[&#8230;]<\/a><\/p>\n","protected":false},"author":1,"featured_media":0,"parent":0,"menu_order":0,"comment_status":"closed","ping_status":"open","template":"templates\/template-with-right-sidebar.php","meta":{"footnotes":""},"yoast_head":"<!-- This site is optimized with the Yoast SEO plugin v21.9.1 - https:\/\/yoast.com\/wordpress\/plugins\/seo\/ -->\n<title>Crociera alle Seychelles, periodi migliori e costi del viaggio<\/title>\n<meta name=\"description\" content=\"In veliero o in catamarano, potrete godervi l&#039;arcipelago dalle centoquindici isole da un punto di vista diverso: con una crociera!\" \/>\n<meta name=\"robots\" content=\"index, follow, max-snippet:-1, max-image-preview:large, max-video-preview:-1\" \/>\n<link rel=\"canonical\" href=\"https:\/\/seychelles.evolutiontravel.it\/infovacanze\/crociere\/\" \/>\n<meta name=\"twitter:label1\" content=\"Tempo di lettura stimato\" \/>\n\t<meta name=\"twitter:data1\" content=\"1 minuto\" \/>\n<script type=\"application\/ld+json\" class=\"yoast-schema-graph\">{\"@context\":\"https:\/\/schema.org\",\"@graph\":[{\"@type\":\"WebPage\",\"@id\":\"https:\/\/seychelles.evolutiontravel.it\/infovacanze\/crociere\/\",\"url\":\"https:\/\/seychelles.evolutiontravel.it\/infovacanze\/crociere\/\",\"name\":\"Crociera alle Seychelles, periodi migliori e costi del viaggio\",\"isPartOf\":{\"@id\":\"https:\/\/seychelles.evolutiontravel.it\/infovacanze\/#website\"},\"datePublished\":\"2013-08-20T10:19:15+00:00\",\"dateModified\":\"2018-01-12T14:22:41+00:00\",\"description\":\"In veliero o in catamarano, potrete godervi l'arcipelago dalle centoquindici isole da un punto di vista diverso: con una crociera!\",\"inLanguage\":\"it-IT\",\"potentialAction\":[{\"@type\":\"ReadAction\",\"target\":[\"https:\/\/seychelles.evolutiontravel.it\/infovacanze\/crociere\/\"]}]},{\"@type\":\"WebSite\",\"@id\":\"https:\/\/seychelles.evolutiontravel.it\/infovacanze\/#website\",\"url\":\"https:\/\/seychelles.evolutiontravel.it\/infovacanze\/\",\"name\":\"Seychelles\",\"description\":\"\",\"potentialAction\":[{\"@type\":\"SearchAction\",\"target\":{\"@type\":\"EntryPoint\",\"urlTemplate\":\"https:\/\/seychelles.evolutiontravel.it\/infovacanze\/?s={search_term_string}\"},\"query-input\":\"required name=search_term_string\"}],\"inLanguage\":\"it-IT\"}]}<\/script>\n<!-- \/ Yoast SEO plugin. -->","yoast_head_json":{"title":"Crociera alle Seychelles, periodi migliori e costi del viaggio","description":"In veliero o in catamarano, potrete godervi l'arcipelago dalle centoquindici isole da un punto di vista diverso: con una crociera!","robots":{"index":"index","follow":"follow","max-snippet":"max-snippet:-1","max-image-preview":"max-image-preview:large","max-video-preview":"max-video-preview:-1"},"canonical":"https:\/\/seychelles.evolutiontravel.it\/infovacanze\/crociere\/","twitter_misc":{"Tempo di lettura stimato":"1 minuto"},"schema":{"@context":"https:\/\/schema.org","@graph":[{"@type":"WebPage","@id":"https:\/\/seychelles.evolutiontravel.it\/infovacanze\/crociere\/","url":"https:\/\/seychelles.evolutiontravel.it\/infovacanze\/crociere\/","name":"Crociera alle Seychelles, periodi migliori e costi del viaggio","isPartOf":{"@id":"https:\/\/seychelles.evolutiontravel.it\/infovacanze\/#website"},"datePublished":"2013-08-20T10:19:15+00:00","dateModified":"2018-01-12T14:22:41+00:00","description":"In veliero o in catamarano, potrete godervi l'arcipelago dalle centoquindici isole da un punto di vista diverso: con una crociera!","inLanguage":"it-IT","potentialAction":[{"@type":"ReadAction","target":["https:\/\/seychelles.evolutiontravel.it\/infovacanze\/crociere\/"]}]},{"@type":"WebSite","@id":"https:\/\/seychelles.evolutiontravel.it\/infovacanze\/#website","url":"https:\/\/seychelles.evolutiontravel.it\/infovacanze\/","name":"Seychelles","description":"","potentialAction":[{"@type":"SearchAction","target":{"@type":"EntryPoint","urlTemplate":"https:\/\/seychelles.evolutiontravel.it\/infovacanze\/?s={search_term_string}"},"query-input":"required name=search_term_string"}],"inLanguage":"it-IT"}]}},"_links":{"self":[{"href":"https:\/\/seychelles.evolutiontravel.it\/infovacanze\/wp-json\/wp\/v2\/pages\/123"}],"collection":[{"href":"https:\/\/seychelles.evolutiontravel.it\/infovacanze\/wp-json\/wp\/v2\/pages"}],"about":[{"href":"https:\/\/seychelles.evolutiontravel.it\/infovacanze\/wp-json\/wp\/v2\/types\/page"}],"author":[{"embeddable":true,"href":"https:\/\/seychelles.evolutiontravel.it\/infovacanze\/wp-json\/wp\/v2\/users\/1"}],"replies":[{"embeddable":true,"href":"https:\/\/seychelles.evolutiontravel.it\/infovacanze\/wp-json\/wp\/v2\/comments?post=123"}],"version-history":[{"count":10,"href":"https:\/\/seychelles.evolutiontravel.it\/infovacanze\/wp-json\/wp\/v2\/pages\/123\/revisions"}],"predecessor-version":[{"id":891,"href":"https:\/\/seychelles.evolutiontravel.it\/infovacanze\/wp-json\/wp\/v2\/pages\/123\/revisions\/891"}],"wp:attachment":[{"href":"https:\/\/seychelles.evolutiontravel.it\/infovacanze\/wp-json\/wp\/v2\/media?parent=123"}],"curies":[{"name":"wp","href":"https:\/\/api.w.org\/{rel}","templated":true}]}}